tens digit of o?
1
Let p be (-16)/20 + (-93)/15. Let v(d) = -d**3 - 6*d**2 - 4*d + 12. What is the tens digit of v(p)?
8
Suppose -2*p - 16 + 20 = 0. Suppose -z = -p*h - 162, 750 = 4*z + z + 2*h. What is the units digit of z?
2
Let l = -2221 - -3407. What is the thousands digit of l?
1
Let a(f) = f**2 - 8*f - 7. Let i be a(9). Suppose -i*b + 267 = -3*q, -9 = 5*b - 5*q - 674. Suppose -b = -6*n + 234. What is the units digit of n?
1
Let d = -69 - -527. What is the units digit of d?
8
Let h(o) = -o**3 + 6*o**2 + 65. What is the units digit of h(6)?
5
Suppose -3*s - 4*y = -2470, 5*s - 20*y = -17*y + 4165. What is the units digit of s?
0
Suppose 3*k + 105 = 1023. What is the units digit of k?
6
Let g = -5681 - -10621. What is the thousands digit of g?
4
Let o = 29 + -35. What is the units digit of (-3)/o*-2 - 272/(-4)?
7
Let j(u) = -4*u**3 + u - 1. Suppose -7 = 4*k - 15. Let r be k/15 - 128/60. What is the tens digit of j(r)?
2
Let z be (30/18 + 1)/((-1)/3). What is the hundreds digit of (3 - (-28)/z) + (-307)/(-2)?
1
Suppose -5*y - 2*a - 60 + 296 = 0, 5*y - 215 = 5*a. Suppose y = 5*z + 16. Suppose 0*v - z = -v + q, v + 3*q = 2. What is the units digit of v?
5
Suppose 0 = j - 4*j. Let l = 3 - j. Suppose l*a - 7*a = -20. What is the units digit of a?
5
Let c(q) be the second derivative of -q**5/60 - q**4/4 - q**3/3 + 5*q. Let m(o) be the second derivative of c(o). What is the units digit of m(-4)?
2
Let k(x) = x**3 - 12*x**2 + 5*x + 2. Let w = -103 - -115. What is the tens digit of k(w)?
6
Let q(k) = k**2 - 3*k + 3. Suppose -4*v + 2*v = -16. Suppose g - 3*g = -v. What is the units digit of q(g)?
7
Let n(a) = a**2 - 7*a - 5. Suppose 9*b - 8 = 11*b. Let o = 4 - b. What is the units digit of n(o)?
3
Let t be (2 - 0)/(-2) - (1 - 2). Suppose 4*k + t = 72. What is the units digit of k?
8
Let i be (82/(-6))/(3/(-9)). Suppose -44*w + 183 = -i*w. What is the units digit of w?
1
Let m(x) = -2*x**3 - 4*x**2 - x + 22. What is the hundreds digit of m(-7)?
5
Suppose 9*q = -5*q + 4*q. Suppose 4*x + 2*p - 122 = q, p = 4*x + 2*p - 123. What is the tens digit of x?
3
Suppose 3*s - 6 = -0, s - 5637 = -5*q. What is the units digit of q?
7
Let b = 201 - 101. What is the tens digit of b?
0
Let d(h) = -259*h + 79. What is the units digit of d(-6)?
3
Suppose 5*c + 24 = 7*c. Let d = c - -5. What is the units digit of d?
7
Let q = -56 + 84. Suppose 0*m - 20 = -4*r + 2*m, 5*r - 4*m - q = 0. Suppose -169 = -3*x - s, 9*x - r*x - 263 = 3*s. What is the units digit of x?
5
Suppose w - 14*w + 15275 = 0. What is the tens digit of w?
7
Let i be ((-2)/(-4))/((-1)/(-8)). Suppose -92 = -i*z + 164. Let p = 118 - z. What is the units digit of p?
4
Suppose -4*g + 3*k + 9180 = 0, -7*g = -3*g - 5*k - 9188. What is the units digit of g?
2
Let k(m) = -m**3 - m**2 + m - 50. Let z be k(0). Let b be z/(-8) + 6/8. Let x(f) = 3*f - 7. What is the units digit of x(b)?
4
Let f = 205 + 974. What is the tens digit of f?
7
Suppose 3*u - 197 = -5*t, -t + 0*u + 33 = -u. Let q = -14 + t. Suppose -2*w + 8 = -3*f + 1, -3*w + q = -2*f. What is the units digit of w?
1
What is the tens digit of (3150/135)/((-4)/(-90))?
2
Suppose 252 = -j + 4*j. Suppose -2*v = 8, w = 5*v - 3*v + j. What is the units digit of w?
6
Suppose -16*y = -5*i - 11*y + 170, -2*i - 5*y = -47. What is the tens digit of i?
3
Let u(b) = b**3 + 4*b**2 - 5*b + 1. Let l(v) = -v - 8. Let t be l(-5). What is the tens digit of u(t)?
2
Suppose -20*t = -19*t - 955. What is the hundreds digit of t?
9
Let v(c) = -22*c**2 - 3*c. Let h(z) = 67*z**2 + 9*z. Let p(x) = 6*h(x) + 17*v(x). What is the tens digit of p(-3)?
4
Suppose -k = -4*j - 624, 3 = -5*j + 28. Suppose -3*n = n - k. What is the units digit of n?
1
Suppose -108*r - 12948 = -111*r. What is the tens digit of r?
1
Let n = -31 + 34. Let l be n - 404/(3 + -5). Let a = l - 145. What is the units digit of a?
0
Suppose i - 2*i = 3*o - 8743, -2*i + 2916 = o. What is the thousands digit of o?
2
Suppose 0 = -j - 4*w + 24, -2*w - 3*w = -5*j + 170. Let d = 55 - j. Suppose -6 = h + 3*u, u = 2*h - 0*h - d. What is the units digit of h?
9
Let t(b) = 65*b**2. Let y be t(1). Let l = y + -23. What is the units digit of l?
2
Let y = 52 + -52. Suppose w + 2*r + 1 = 11, y = -2*w - 5*r + 19. What is the units digit of w?
2
Let f be 4*((-10)/4 - -3). Suppose 4*w + 2*z + f*z = 0, -w - 4*z - 15 = 0. Suppose 0 = -4*i + w*i - 30. What is the tens digit of i?
3
Let g(c) = 3*c + 111. Let a be g(6). Let r = -29 + -35. Let k = a + r. What is the tens digit of k?
6
Let v = 944 + -509. What is the hundreds digit of v?
4
Let a(j) = -7*j - 23. Let v be a(-3). Suppose -4*f + 6*z = z + 29, 0 = 2*f + z - 3. What is the tens digit of f*v*56/4?
2
Suppose 9*z = 8*z - 47. Let k = 76 + z. Let b = 65 - k. What is the units digit of b?
6
Suppose 9*j - 4*j - 15 = 0. Suppose -36 - 9 = -j*s. What is the tens digit of s?
1
Let v(n) = n**3 - 2*n**2 + n. Let h be v(2). Let r(d) = -d**2 + 6*d - 2. Let q be r(-5). What is the units digit of q/(-2)*h/3?
9
Suppose 0 = -2*q - 4*n + 2086, -q + 35*n = 32*n - 1028. What is the tens digit of q?
3
Suppose -2*b + 1634 = 3*t - 3*b, -5*t = -4*b - 2735. What is the units digit of t?
3
Suppose 3*i - 80 = -8. Let z = -18 + i. Suppose 0*j - z*j = -30. What is the units digit of j?
5
Let j(t) = -44*t + 3. Let m(x) = -x**3 - 12*x**2 + 13*x - 4. Let c be m(-13). What is the units digit of j(c)?
9
Suppose 0 = 63*b - 43144 - 76745. What is the tens digit of b?
0
Let s = 191 + 93. Suppose -s = 6*j - 968. What is the hundreds digit of j?
1
Let n(p) = 2*p**2 - 6*p + 11. Let i = 17 + -12. What is the units digit of n(i)?
1
Let t(v) = -v**3 - 6*v**2 + 4*v - 50. What is the tens digit of t(-11)?
1
Suppose -2*t - 18 = -2*l, -5*l - 95 = 4*t + t. Let r be (-16)/40 + t/(-10). What is the units digit of (r + -2)*(-15 + 5)?
0
Suppose 3*d - 1 = -5*l, -5*l = 6 - 1. Suppose 2*o + 5*j = 27, 18 = d*o - 0*j + 2*j. What is the tens digit of (30/o)/(2/4)?
1
Suppose 0*q - 45 = -5*q. Let p = -254 - -265. Suppose 0 = -h + q + p. What is the units digit of h?
0
Suppose -32*k + 26890 + 19734 = 0. What is the hundreds digit of k?
4
Let i = -1268 - -1974. What is the tens digit of i?
0
Let i = -17 - -36. Let q be 12/9*(3 + 3). Let h = i + q. What is the units digit of h?
7
Let j be 5 + -1 + -3 + -1. Suppose j = 26*d - 24*d - 232. What is the tens digit of d?
1
Suppose -5*a - 7*d = -3*d - 18392, -3*a = -5*d - 11050. What is the thousands digit of a?
3
Let n(s) = -s**3 - 2*s**2 + s - 16. What is the units digit of n(-6)?
2
Let q(y) be the first derivative of y**4/4 - 2*y**3 - y**2/2 + 13*y + 8. What is the units digit of q(6)?
7
Let a = -6 - -10. What is the tens digit of (-401)/(-6) + 7/168*a?
6
Let c = 587 - 301. What is the hundreds digit of c?
2
Let u(y) = -11*y**2 - 33*y - 31. Let r(m) = 4*m**2 + 11*m + 10. Let c(j) = -8*r(j) - 3*u(j). What is the units digit of c(-16)?
3
Suppose 0 = 6*s - 11 - 7. Suppose 7*d = s*d + 1132. What is the units digit of d?
3
Let o(k) = -5*k. Let f be o(2). Let c = f - -14. Suppose 0*y - c*y = -104. What is the units digit of y?
6
Suppose -3*d + 89 - 23 = 0. Let b = d - -13. What is the units digit of b?
5
Suppose -7349 = -15*w + 16441. What is the units digit of w?
6
Let s(l) = 37*l - 76. What is the tens digit of s(24)?
1
What is the units digit of (-9)/(-5 + 2) - -262*3?
9
Let j = -10 + 30. Suppose -k + 0*k + b - 1 = 0, 4*b = j. What is the units digit of k?
4
Let y be 94/6 + (-2)/(-6). Let f = 177 + -174. Let p = f + y. What is the tens digit of p?
1
Let w(r) = 6*r**2 - 246 + 210 + 5*r**2 + 10*r - r**3. What is the units digit of w(11)?
4
Suppose -42 = -8*u - 2. Suppose -4*y + u*z + 132 + 131 = 0, 15 = -5*z. What is the tens digit of y?
6
What is the units digit of (-1)/(6/104*2/(-36))?
2
Suppose 316 = -3*w - t, 3*t + 20 = 7*t. Let h = 152 + w. What is the tens digit of h?
4
Let h(q) = -q**3 - 3*q**2 - 2*q - 3. Let l be h(-3). Suppose 0*o - 2*o - 260 = -4*r, -525 = 4*o - l*r. What is the units digit of o/(-4) + -1*2?
1
Let h(x) = -x**3 - 6*x - 8. Let k be h(-2). Suppose -540 = 9*f - k*f. What is the units digit of f?
0
Suppose -19*q + 21537 = -10*q. What is the hundreds digit of q?
3
Suppose 59*p + 4148 = 63*p. What is the hundreds digit of p?
0
Let a be (-290)/22 + (-4)/(-22). Let o = a + 34. What is